40 + 48. Is w a prime number?
False
Suppose -2*c + 15 = c. Suppose 3*z - 38 = -j, -c*j = -z + 22 - 4. Let i = 47 - z. Is i a prime number?
False
Suppose -5*y - 4*l - 1501 = -204, -3*y + 4*l = 791. Let w = y + 484. Is w a composite number?
False
Let b(q) = q**3 - 6*q**2 + 5*q - 7. Is b(8) composite?
True
Let h(y) = -y + 3. Suppose 0 = -0*r + 4*r - 4. Let l be -2 - (-1)/r - -1. Is h(l) a composite number?
False
Suppose -2439 = -3*w - 198. Let z = w - 368. Is z a prime number?
True
Let b(j) = j**3 - 2*j**2 - j. Let p be b(2). Let u be (-458)/(-4) - 1/p. Let y = u + -82. Is y composite?
True
Suppose -2*l - 4 = -6. Suppose l = 3*q + 22. Is (-470)/q - 1/7 prime?
True
Let l(t) = -t + 1. Let n be ((-1)/2)/((-5)/(-20)). Let o be l(n). Suppose 2*k - 45 = -o*k. Is k prime?
False
Suppose 0 = 2*f + 3*x - 13964, -27924 = -4*f - 22*x + 18*x. Is f composite?
True
Let o be (2 - 9)*(-2)/7. Suppose -s + 3*m + 62 = 0, -3*m = -o*s + 31 + 90. Is s composite?
False
Suppose 6 = 2*s, 2 + 6 = -4*z + 4*s. Is ((-2)/(-4))/(z/74) composite?
False
Is (-2)/7 - (52256/(-28) - -5) composite?
False
Is (2/3 - (-985)/15)*3 prime?
True
Let z = 3 + 1. Suppose z*t - 3*i = 645 + 191, -2*i = 0. Is t prime?
False
Let q(i) = -i**3 - 4*i**2 + 6*i - 1. Suppose o - 33 = 4*r - 2*o, -5*o + 21 = -r. Is q(r) prime?
False
Let w be (-8)/((10/3)/(-5)). Is (-352)/(-5) + w/20 prime?
True
Let n = -125 + -2. Suppose -l = 3*u + 620, -612 = -3*u + 6*u - 3*l. Let o = n - u. Is o a composite number?
False
Suppose 308 = 2*c + k + 21, c = -k + 142. Is c prime?
False
Let k be -1 - ((-2 - -4) + -36). Suppose k = -3*h + 378. Is h composite?
True
Let v be (-4)/14 - 17788/(-28). Suppose 0 = -2*m - 3*m + v. Is m composite?
False
Is (-2)/4 + (-26565)/(-14) a composite number?
True
Is 4/24*9*(-7796)/(-6) a prime number?
True
Let i(n) = 18*n**2 - 4*n + 3. Suppose -2*p = -p - 2. Is i(p) a composite number?
False
Is (1 + 0)*61 - 2 a prime number?
True
Suppose -3*n - v + 482 = -0*v, n - v - 154 = 0. Let a = n + -27. Let h = a - 79. Is h a composite number?
False
Suppose -32*q = -30*q - 8506. Is q composite?
False
Suppose -5*z + 534 = -3*o - 75, 1049 = -5*o - 3*z. Is -3*(o/3 + -1) prime?
True
Let k = -64 + 153. Is k prime?
True
Let c = 36 + 11. Is c composite?
False
Let r(k) = -k**3 - 7*k**2 - 2*k - 9. Let a be r(-7). Suppose a = y + 4*s, 3*s = y - 4 - 1. Suppose 0 = y*x - 0*x - 805. Is x a prime number?
False
Suppose 4*v - 1233 = -10*o + 9*o, -5*o = 5*v - 6090. Is o a prime number?
True
Let t(v) = v**2 + 6*v - 2. Let y = -3 + 8. Suppose -w + 24 = -2*x + y*x, x = -4*w + 19. Is t(x) a composite number?
False
Suppose 0 = -x + 4. Suppose 0*o + x = 4*o. Let t = o + 8. Is t a composite number?
True
Let g(r) = r**3 + 6*r**2 - 2*r - 1. Let k(s) = 7*s - 1. Let v(o) = 3*o. Let l(b) = -2*k(b) + 5*v(b). Let m be l(-8). Is g(m) a prime number?
True
Suppose -5*r - 225 = -0*r. Let x(w) = -w**3 - w**2 + w - 14. Let q be x(0). Let a = q - r. Is a prime?
True
Suppose z + 4*d = 2*z - 2467, 0 = 3*d + 15. Is z composite?
False
Suppose -q + 411 = -632. Is q a prime number?
False
Let d be 870/(-8) + (-2)/8. Let x = d - -194. Is x prime?
False
Let a be 2 + (-2 + 2 - 0). Suppose -3*h = -5*n + 20, -4*h - h - 20 = -5*n. Suppose -4*y + 2*y = a, -n*o = 5*y - 19. Is o prime?
False
Let c(d) = d + 169. Let o be c(0). Suppose 0 = 3*t - 2*l - 172, 3*t - 4*l - o = l. Is t a composite number?
True
Suppose -2*r - 3*z = -3*r + 1382, 0 = -3*r + 5*z + 4166. Is r a composite number?
True
Suppose -d + 469 = -3*g - 210, -4*d + g = -2694. Is d a prime number?
True
Let a(l) = -2*l**3 - 8*l**2 - 9*l - 7. Let c be -1 + (-2 - -2 - -2). Let g be -1 - -1 - (5 + c). Is a(g) a prime number?
True
Is 9702/54 + 2/(-3) a composite number?
False
Let w = -214 - -370. Let a = -71 + w. Is a composite?
True
Suppose -4 = 5*i - 19. Suppose 6 = -2*l + n + 2, -5*l - 4*n + 16 = 0. Suppose 3*t - 3*x - 60 = l, -t = 2*x + i*x - 14. Is t composite?
False
Suppose 0 = 4*q + 3 + 5, 0 = -3*s + 2*q + 16. Suppose 54 = 4*i - s*t - 18, t = -5*i + 96. Is i a prime number?
True
Let y(c) = -2*c**3 + 2*c**3 - 5*c - 11 - 9*c**2 + c**3 + 0*c. Suppose 46 = 5*i - 2*b, -3*b + 12 = 2*i - 7*b. Is y(i) a composite number?
True
Let q(w) = w + 1 - 8*w + 3 - 2*w. Is q(-3) a prime number?
True
Let w(u) = u**2 - u - 3. Let i be w(-7). Suppose -279 - i = -4*y. Is y prime?
True
Let g = 251 + -64. Is g prime?
False
Let y = -8 - -3. Let j(z) = z**2 + 3 - z + 0*z**2 + 4*z. Is j(y) prime?
True
Let g(u) = -3*u + 1. Suppose q = 4*h + 2, 0 = -4*h + 2*h - 2*q - 6. Let t be g(h). Is (-3 + -1)/(t/(-22)) composite?
True
Is 4/((-16)/(-12)) + -3 + 787 a composite number?
False
Suppose 2*c + 203 = 3*c - u, -5*u = 4*c - 812. Is c composite?
True
Is (-12)/9 + (-169)/(-3) a prime number?
False
Let v = -43 - -70. Let h = 49 - v. Let w = h + -9. Is w a composite number?
False
Suppose 0 = -7*c + 2*c + 15. Let d = c + 0. Let h(m) = 2*m**3 - m**2 + 4*m - 4. Is h(d) a prime number?
True
Let j = -9926 + 14115. Is j prime?
False
Let t(c) = -2*c - 45*c**3 + 8*c**3 + 0 - 1. Is t(-1) prime?
False
Let k(c) = -5*c + 4. Let w be k(-14). Let l = 153 - w. Is l prime?
True
Let f(m) = -2*m**3 - 2*m**2 - 2*m - 1. Suppose -u - 2 = u. Let a be f(u). Is (a*-21)/(-1 - 0) a prime number?
False
Is (-4)/18 + 70213/99 a composite number?
False
Let k be ((-144)/10)/(6/(-40)). Let h = 165 - k. Is h composite?
True
Let x(d) = -d**3 + 12*d**2 - 12*d + 14. Let j be x(11). Let m(n) = 13*n**2 + 4*n - 2. Is m(j) a prime number?
True
Suppose 4*y = 2*s - 882, -y = -3*s - 408 + 1726. Let f = 234 + s. Is f prime?
True
Let o(y) = 29*y - 26. Is o(5) a composite number?
True
Suppose 105 + 235 = 5*x. Suppose 0 = l + 2*u + 3*u - x, -4*l - u = -215. Is l a composite number?
False
Suppose r - 9 = -v - 2*v, v + 2*r = 3. Suppose 2*h + 2*i - 194 = 0, 0 = 2*i - v + 11. Suppose -u - u - 4*l + 26 = 0, -5*u = -2*l - h. Is u prime?
True
Let o(m) = m**3 - 5*m**2 - 8*m - 19. Is o(13) a prime number?
True
Is 3 - (1 - -31)*-16 a composite number?
True
Let n = -13 + 21. Let l(r) = r**2 - 4*r - 1. Let m be l(n). Let d = 36 + m. Is d a composite number?
False
Let n(z) = -92*z**3 - z. Suppose 4 = -3*l + 1. Let k be n(l). Suppose k = 2*t + t. Is t a composite number?
False
Let m(q) = -q**3 + 8*q**2 - 2*q + 7. Is m(6) prime?
True
Suppose -3*n = -6*n. Suppose 2*d + n*d - 822 = 0. Is d a composite number?
True
Let j = 3 + 0. Suppose 0*c - 3*c = 4*u - 3, -4*u + 3*c = j. Suppose -2*d = -u - 6. Is d prime?
True
Suppose 22684 = 5*a + t, 4*a + 4*t = -t + 18143. Is a a composite number?
True
Let a(g) = -176*g - 7. Is a(-6) a prime number?
True
Let p = 834 - 281. Is p prime?
False
Let m be 42*(3 + 24/(-9)). Is ((-21)/m)/((-1)/2) prime?
True
Let s be 3 + (-436)/(3 + 1). Let b = 217 - s. Is b composite?
True
Let j = -665 - -1980. Is j a prime number?
False
Suppose -4*q - 75 = -3*q. Let y = q + 224. Is y prime?
True
Let m be 3 + (2 - (0 + 1)). Let u be (m/(-10))/(4/(-120)). Is (-4)/(-2)*u + 1 a composite number?
True
Suppose 2*a + 6 = -2*t, 0*a = -t - 5*a - 23. Suppose -743 = -t*n - 161. Is n prime?
False
Suppose 4*c = 6*c - 3118. Is c a composite number?
False
Is -2*14*502/(-8) a prime number?
False
Let j = -351 + -126. Let f = 668 + j. Is f composite?
False
Suppose 10 = j - 2*j. Is (8/j)/(6/(-465)) a prime number?
False
Let m(g) = g**3 + 3*g**2 - g + 1. Let u be m(-3). Let z(o) = -2*o**2 - 3*o - 1. Let n(f) = -f**2 - 4*f. Let x(l) = -3*n(l) + 2*z(l). Is x(u) composite?
True
Let s(m) = 213*m**2 - 3*m - 1. Is s(-1) a prime number?
False
Let s be 3/4 + (-30088)/(-32). Suppose -s = -5*t + 314. Is t a prime number?
True
Suppose 0 = 4*k - 4043 - 4785. Suppose -z - 4*z = 5*d - 2770, 4*d - 5*z - k = 0. Is d a prime number?
False
Is (7/(-28))/(1/(-212)) prime?
True
Suppose 0 = 5*b - 124 - 271. Is b composite?
False
Suppose -385 = -3*t - 2*t. Is t a prime number?
False
Suppose -1 = -2*a + 29. Is a composite?
True
Suppose -3*l = 5*b - 425, 0*b + 4*b = 5*l - 733. Is l prime?
False
Let l = 1584 - 821. Is l prime?
False
Suppose -o = -86 - 9. Let g = 84 + o. Is g prime?
True
Let r(q) = 5*q + 5. Let z(m) = 10*m + 9. Suppose c - 6 = -5*a, -5*a = -3*c + 2*c + 6. Let f(b) = c*z(b) - 11*r(b). Is f(4) prime?
True
Let x be 146 + (-1)/((-2)/4). Let z = 233 - x. Is z composite?
True
Is 1/(-3) - 15785/(-33) a prime number